5*g - 246. What is q(48)?
-6
Let w(t) = -181*t**3 - t**2 - 40*t + 39. Determine w(1).
-183
Let m(l) = -l**3 + 15*l**2 - 25*l - 28. Give m(13).
-15
Let u(t) = -t**3 + 11*t**2 + 2*t - 93. Determine u(10).
27
Let r(l) = l**3 - 16*l**2 - 174*l + 2770. What is r(13)?
1
Let k(x) = -3*x + 12. Give k(10).
-18
Let u(n) = n**3 - 8*n + 65. Give u(0).
65
Let r(x) = -x**2 - 162*x - 5551. Give r(-113).
-14
Let m(k) = -k**3 - 16*k**2 + 66*k + 463. Determine m(-18).
-77
Let s(c) = -55*c - 701. Determine s(-13).
14
Let o(x) = -x**2 - 8*x + 8. Determine o(4).
-40
Let h(k) = -22*k. Determine h(-1).
22
Let s(y) = 2*y**3 - 126*y**2 + 339*y + 1252. Calculate s(60).
-8
Let d(z) = 19*z**2 + 4*z - 8. Calculate d(2).
76
Let q(z) = -18*z**2 + 134*z + 4. Determine q(8).
-76
Let d(u) = -1641*u - 62352. Give d(-38).
6
Let j(l) = -l**2 - 284*l - 2165. Determine j(-8).
43
Let f(r) = -2*r**2 + 15*r + 60. What is f(-5)?
-65
Let n(i) = 6*i**3 - 677*i**2 - 124*i + 1242. Give n(113).
-1
Let d(w) = w**2 + 165*w + 4839. Give d(-38).
13
Let a(k) = k**2 - 106*k - 4038. Determine a(136).
42
Let p(n) = 73*n - 901. Calculate p(14).
121
Let d(k) = 5*k**2 - 19*k + 55. Determine d(10).
365
Let d(x) = 16*x**2 + 302*x + 98. Give d(-19).
136
Let p(l) = -2*l**3 + 62*l**2 + 8*l + 100. What is p(31)?
348
Let t(f) = -29*f**2 + 288*f + 18. Give t(10).
-2
Let x(g) = g**2 + 9*g - 74. Calculate x(8).
62
Let p(w) = -w**2 + 116*w - 722. What is p(0)?
-722
Let y(g) = g**3 - 81*g**2 - 338*g + 8. What is y(-4)?
0
Let x(q) = 4*q**2 - 296*q - 1243. Determine x(-4).
5
Let u(o) = o**3 + 32*o**2 + 26*o - 85. Calculate u(-31).
70
Let o(g) = 294*g - 2349. Calculate o(8).
3
Let c(t) = 42*t - 845. What is c(20)?
-5
Let u(p) = -32*p**2 - 513*p + 2. What is u(-16)?
18
Let s(v) = -195*v + 2734. Determine s(14).
4
Let c(t) = t**3 - 27*t**2 + 144*t + 67. Calculate c(8).
3
Let s(a) = -2*a**3 + 73*a**2 + 645*a + 660. Determine s(44).
0
Let b(j) = -2*j - 128. Determine b(-50).
-28
Let o(b) = 578*b + 893. Determine o(-1).
315
Let u(k) = -31*k - 483. Calculate u(-10).
-173
Let l(i) = i**3 - 18*i**2 + 78*i + 16. What is l(8)?
0
Let t(b) = 15*b**2 + 33*b - 36. Give t(1).
12
Let i(n) = 47*n + 701. Calculate i(-15).
-4
Let l(a) = a + 429. Determine l(-27).
402
Let k(r) = -r**2 - 30*r + 9968. What is k(86)?
-8
Let b(w) = -424*w + 1873. What is b(3)?
601
Let m(t) = 20*t - 431. What is m(29)?
149
Let o(b) = -2*b**2 + 8*b - 23. What is o(0)?
-23
Let z(n) = -4*n**3 - 45*n**2 + 39*n + 9. Give z(-12).
-27
Let c(w) = -1156*w + 11556. What is c(10)?
-4
Let o(l) = l**3 - 4*l**2 - 8*l - 23. Calculate o(5).
-38
Let z(r) = r**3 - 109*r**2 - 250*r + 3105. What is z(111)?
-3
Let l(r) = -r**2 - 59*r + 765. What is l(11)?
-5
Let f(w) = 2*w**3 - 42*w**2 - 47*w + 71. Calculate f(22).
5
Let q(r) = -8*r - 488. Give q(-44).
-136
Let x(t) = -t**2 - 24*t + 125. Determine x(5).
-20
Let a(y) = -y**3 + 72*y**2 + 64*y + 659. Calculate a(73).
2
Let i(f) = f**3 + 59*f**2 + 122*f + 460. What is i(-57)?
4
Let t(q) = 58*q + 205. Calculate t(-3).
31
Let u(r) = 15*r + 267. What is u(-25)?
-108
Let x(p) = 4*p**2 - 70*p - 31. Give x(20).
169
Let f(d) = 83*d**3 + 9*d**2 + 9*d - 1. Determine f(-1).
-84
Let g(v) = -181*v + 20464. What is g(113)?
11
Let p(v) = v**3 + 4*v**2 - 204*v - 3. What is p(0)?
-3
Let u(w) = -97*w - 58. Determine u(-1).
39
Let l(r) = 11*r + 179. Determine l(-11).
58
Let y(c) = -c**3 - 14*c**2 - 28*c + 24. What is y(-10)?
-96
Let z(y) = 144*y - 30. What is z(3)?
402
Let n(h) = -h**2 - 31*h - 214. Determine n(-11).
6
Let d(v) = 46*v**2 - 344*v + 352. What is d(1)?
54
Let h(s) = -4*s**2 - 26*s - 62. Give h(-5).
-32
Let o(t) = -t**3 + 5*t**2 + 8*t - 63. Give o(6).
-51
Let j(z) = 3*z**3 + 14*z**2 + 8. What is j(-6)?
-136
Let m(y) = -y**2 + 205*y + 6519. Give m(-28).
-5
Let l(i) = -i**2 + 93*i - 615. What is l(68)?
1085
Let j(k) = -4*k**2 - 252*k + 1068. Give j(-67).
-4
Let v(m) = 21*m - 10. Determine v(10).
200
Let c(o) = -418*o - 7521. Determine c(-18).
3
Let k(l) = 2644*l + 79312. What is k(-30)?
-8
Let j(i) = 209*i + 1296. Determine j(-6).
42
Let u(j) = 2*j**3 - 4*j**2 - 35*j + 76. Give u(4).
0
Let k(x) = x**3 - 81*x**2 - 166*x - 8. Calculate k(83).
-8
Let d(s) = -36*s**2 - 4542*s - 752. What is d(-126)?
4
Let j(h) = 12*h + 1136. Give j(-94).
8
Let c(y) = y**3 - 25*y**2 - 124*y + 193. Calculate c(29).
-39
Let i(n) = 5*n**3 - 23*n**2 + 2*n - 1. Determine i(5).
59
Let q(o) = -111*o + 551. Calculate q(5).
-4
Let z(n) = -n**3 + 5*n**2 - 2*n - 25. Calculate z(3).
-13
Let r(x) = -x**2 - 66*x + 134. Calculate r(2).
-2
Let h(s) = 2*s**3 - 9*s**2 - 6*s + 10. Calculate h(5).
5
Let n(i) = 29*i - 361. Determine n(12).
-13
Let x(z) = z**3 - 6*z**2 - 6*z - 3. What is x(7)?
4
Let m(s) = -11*s - 140. Give m(-13).
3
Let o(m) = -m**3 - 8*m**2 + 11*m + 140. What is o(-7)?
14
Let o(c) = c**3 - 21*c**2 - 357*c - 68. Calculate o(-11).
-13
Let k(r) = -3*r**3 - 6*r**2 - 8*r + 5. Determine k(-2).
21
Let u(h) = 32*h + 1529. What is u(-42)?
185
Let z(l) = 33*l + 448. Give z(-3).
349
Let g(c) = 3*c**3 + 10*c**2 - 787*c + 52. Calculate g(-18).
-38
Let i(q) = q**3 - 14*q**2 + 34*q + 9. Determine i(8).
-103
Let z(p) = -229*p + 2474. What is z(11)?
-45
Let o(v) = -4*v**3 + 66*v**2 - 19*v - 71. What is o(16)?
137
Let s(q) = -q**3 - 11*q**2 + 14*q - 137. Calculate s(-13).
19
Let z(x) = x**3 + 11*x**2 + 7*x - 50. Calculate z(-10).
-20
Let h(k) = -5*k**2 + 21*k - 52. Give h(9).
-268
Let r(y) = -5*y**3 - 21*y**2 - 8*y - 9. Give r(-4).
7
Let y(s) = -13*s - 1309. Determine y(-94).
-87
Let a(c) = -8570*c + 68556. Determine a(8).
-4
Let g(z) = 3*z**3 + 22*z**2 - 10*z. Give g(0).
0
Let d(q) = -2*q**2 - 222*q - 2240. Give d(-100).
-40
Let c(j) = 6*j**2 + 3*j - 4. Calculate c(-2).
14
Let c(k) = 3*k**3 + 12*k**2 + 22*k - 2. Determine c(-3).
-41
Let h(f) = -13*f - 85. What is h(-14)?
97
Let j(p) = -32*p**2 + 766*p + 53. Give j(24).
5
Let p(d) = d**3 - 64*d**2 - 894*d + 221. What is p(-12)?
5
Let m(t) = 6*t**2 - 42*t - 55. Calculate m(9).
53
Let m(d) = d**3 - 13*d**2 - 3*d + 19. Determine m(11).
-256
Let r(n) = -4*n**3 - 117*n**2 - 30*n - 42. Calculate r(-29).
-13
Let p(a) = a**2 + 9*a - 260. Calculate p(-24).
100
Let y(d) = 14*d**3 + 3*d**2 + 6*d - 21. What is y(4)?
947
Let d(h) = 23*h**2 - 77*h + 23. What is d(3)?
-1
Let y(o) = -2*o + 222. Determine y(108).
6
Let v(j) = 448*j + 1728. Give v(-4).
-64
Let t(h) = 10*h**3 + 109*h**2 - 22*h + 11. Calculate t(-11).
132
Let p(f) = 79*f - 1895. Calculate p(24).
1
Let c(h) = 58*h + 85. Determine c(1).
143
Let c(i) = 6*i**2 - 355*i - 1455. What is c(-4)?
61
Let m(h) = 62*h - 106. Calculate m(-11).
-788
Let o(x) = 2*x**3 + 24*x**2 - 57*x + 4. Determine o(-14).
18
Let z(a) = a**3 - 10*a**2 - a - 10. What is z(7)?
-164
Let g(x) = -21*x + 589. Determine g(24).
85
Let x(y) = -y**3 + 6*y**2 + 8*y + 23. Give x(7).
30
Let p(t) = -55*t - 441. Calculate p(-7).
-56
Let p(w) = 839*w - 3370. Calculate p(4).
-14
Let u(h) = -24*h**2 + 219*h + 12. What is u(9)?
39
Let h(i) = i**3 + 6*i**2 - 17*i + 7. Give h(2).
5
Let n(j) = 2*j**3 - 4*j**2 + 6*j - 6. Determine n(4).
82
Let s(w) = w**3 - 187*w**2 + 1243*w + 104. Calculate s(7).
-15
Let w(s) = -8*s + 353. Give w(47).
-23
Let a(q) = -q**3 + 54*q**2 - 101*q - 118. Give a(52).
38
Let n(l) = 146*l**2 - 70*l + 71. What is n(1)?
147
Let q(p) = -59*p + 384. What is q(9)?
-147
Let k(w) = -640*w + 15354. Determine k(24).
-6
Let v(m) = m**2 + 233*m - 705. Calculate v(3).
3
Let g(m) = 3*m**3 - 4*m**2 - 15*m + 13. Determine g(-3).
-59
Let u(v) = v**2 - 35*v - 489. Give u(45).
-39
Let x(c) = -c - 2. Give x(-97).
95
Let n(w) = 680*w - 2037. Determine n(3).
3
Let o(i) = 6*i**2 + 3*i + 3. Determine o(-3).
48
Let k(r) = -10*r**2 - 125*r + 1491. Determine k(-20).
-9
Let k(b) = -b**2 + 218*b - 11650. Determine k(93).
-25
Let c(l) = -l**3 - 24*l**2 + 220*l - 17. Calculate c(7).
4
Let v(c) = -c**2 + 17*c - 77. Determine v(30).
-467
Let u(v) = -634*v + 3134. What is u(5)?
-36
Let u(r) = -r**2 - 15*r + 22. Give u(12).
-302
Let c(w) = w**3 + 3*w**2 + 40*w + 170. What is c(-4)?
-6
Let b(w) = -w**3 + 12*w**2 - 10*w - 115. Calculate b(11).
-104
Let i(b) = -b**3 - 81*b**2 - 1424*b - 599. What is i(-25)?
1
Let l(z) = -z**3 + 17*z**2 - 46*z + 169. Give l(15).
-71
Let i(t) = -t**3 + 9*t**2 + 31*t - 96. Give i(13).
-369
Let u(x) = 70*x - 948. Gi